. What is the units digit of 5*(6 + -4 + l)?
5
Suppose 0 = 3*c - x - 406 - 792, -2*x - 8 = 0. What is the tens digit of c?
9
Let y be (-212)/(-7) - (-28)/(-98). Let j = 14 - y. What is the units digit of 24/j*(-148)/6?
7
Let r(l) = l + 9. Let k be r(-5). Suppose 5*c = 25, 0 = -k*o + 4*c + 335 - 47. What is the tens digit of o?
7
Suppose p - 4*z = 17 + 180, 2*p = -2*z + 404. What is the units digit of p?
1
Let h = 108 - 40. Let b = h + -17. Suppose 5*o = 99 + b. What is the units digit of o?
0
Let v(p) = p**2 - 11*p + 24. Let r be v(8). Suppose -2*d = -r*u - u - 450, -5*d - 4*u + 1151 = 0. What is the tens digit of d?
2
What is the units digit of 9144/21 - 1 - 195/455?
4
Let h(u) = -5*u + 3. Let i(n) = 5*n - 2. Let f(z) = 3*h(z) + 4*i(z). Let g be f(15). Suppose 0 = -6*d + g + 2. What is the units digit of d?
3
Let t(r) = -2*r**3 + 9*r**2 - r - 22. What is the units digit of t(-10)?
8
Let s(a) = -26*a**3 + 5*a**2 + 39*a - 16. What is the thousands digit of s(-6)?
5
Let s = 17 + -13. Let c be -6*(6/s + -3). Suppose 2*x - 67 = -3*t - c, 5*x - t - 179 = 0. What is the units digit of x?
5
Suppose 3*w + 154 = 4*j, 50*j - 124 = 47*j - 2*w. What is the tens digit of j?
4
Suppose 81*p + 12957 = 88*p. What is the hundreds digit of p?
8
Suppose -21 = 3*m + 15. Let l = -8 - m. Suppose l*j = 4*d - 152, 76 = -5*d - 3*j + 250. What is the units digit of d?
6
Let g be 3/(-2)*2 - -57. Suppose -y = -4*i - 28 - 31, -4*y + 3*i + 301 = 0. Let f = y - g. What is the tens digit of f?
2
Let q(o) = 6*o**2 - 8*o - 33. Suppose -3*g = -d + 5*d + 27, g - 23 = 4*d. What is the units digit of q(d)?
1
Let p = -35 + 39. Suppose -p*r + 2 = 3*j - 16, j = -4*r + 14. What is the units digit of 3/j + (-125)/(-2)?
4
Suppose p - 131 = 8. Suppose 3*l - 7 = -n + 142, n = -l + p. What is the tens digit of n?
3
Let c(h) = -h + 9. Let n be c(-7). Let b(k) = k**2 - 12*k + 5. Let s be b(8). Let o = n - s. What is the tens digit of o?
4
Let v = 295 + 93. What is the units digit of v?
8
Let z = 579 + -434. What is the units digit of z?
5
Let v be ((-12)/(-8))/(6/(-8)). Let l be (-1 + -2)*(v + -9). Let u = l - 8. What is the tens digit of u?
2
Let s(i) = 4*i**2 + 2*i + 12. Let f be s(6). Let v = f + -30. What is the tens digit of v?
3
Let s = -112 - -114. Suppose -s*q - 74 = -3*q. What is the tens digit of q?
7
Let k(r) = 15*r**2 - 34*r - 213. What is the tens digit of k(19)?
5
Let f(g) = 4*g - 11. Let w be f(4). Suppose 193 = w*y - 3*b, -3*y + 7*b = 2*b - 119. What is the tens digit of 6/(-4)*-2 + y?
4
Let g be 9 + -12 + 23*-1. Let n = -21 - g. Suppose -3*f - 24 = -k, -n*k + 4*f - 2*f = -185. What is the units digit of k?
9
Let h = 913 + -2239. What is the tens digit of (-8)/(-28) + (-5)/(70/h)?
9
Suppose 4*s + 9*i - 1363 = 12*i, -s + 332 = i. What is the hundreds digit of s?
3
Suppose j = -j. Suppose j = -3*m - 2*m + 55. Suppose 0 = -k + m - 3. What is the units digit of k?
8
Let u(p) = -2*p**2 + 2*p - 4. Let q(h) = h**2 - h + 1. Let l(c) = 8*q(c) + 3*u(c). Let d be l(-3). Suppose 3*s + d = 5*s. What is the tens digit of s?
1
Let c = -103 - -227. What is the hundreds digit of c?
1
Let k be 8/2 - (1 + 40). Let y = 60 + k. What is the units digit of y?
3
Suppose 2*f = -m + 9, 2*m + m = 2*f + 11. Suppose 8 = 3*t + 20, 0 = 2*g + t - 2. Suppose g*x - 36 = -f*h + 2*x, 13 = h + 3*x. What is the tens digit of h?
1
Suppose -6102 = 35*q - 44*q. What is the hundreds digit of q?
6
Let a be (-36)/(-54)*(0 - (-42)/(-4)). What is the tens digit of (-86)/(a + -1 + 6)?
4
Suppose 0 = b - 6 - 0. Suppose 2*z = 5*z - b. What is the units digit of z + 32/(2/2)?
4
Suppose 2*d = -n + 6 - 3, 5*d = -3*n + 8. Suppose 4*l - 5*q = 13, 0*l - l - 3*q = d. What is the units digit of 2*l*(-138)/(-12)?
6
Let h(c) = 2*c + 15. Let t be h(-6). Suppose -t*w + 120 = 5*g + 2*w, 72 = 3*g + 5*w. What is the units digit of g?
4
Let b(a) = 368*a + 57. What is the thousands digit of b(5)?
1
Let z(w) = w**2 + 1. Let m(f) = f**3 + 9*f**2 + 2*f - 11. Let g(o) = m(o) + 2*z(o). What is the tens digit of g(-10)?
7
Let q(l) = 1212*l**2 - 27*l + 4. What is the tens digit of q(-2)?
0
Let v = -86 - -85. What is the tens digit of v*(133/(-3))/((-10)/(-30))?
3
Let u = -67 + 375. What is the hundreds digit of u?
3
Let o(t) = t**3 + 5*t**2 - 2*t + 3. Let m be o(-4). Let v = m - -47. What is the units digit of v?
4
Suppose -5 = -5*c + 15. Suppose 127 = 3*w - d + 11, -c = -d. Let x = w + -8. What is the units digit of x?
2
Suppose 4*t + 16 = 0, -7 = o - 0*t + 2*t. What is the units digit of (14 + -1)/(o/3)?
9
Let o = -100 - -145. Suppose v - 4*v + o = 0. Let i = 44 - v. What is the units digit of i?
9
Let h = 31 + -28. Suppose 30 = h*n - 159. What is the tens digit of n?
6
Suppose -9*a = -5*a + 480. Let q = a - -201. What is the units digit of q?
1
Let d = 10 - 9. Let n be ((-1)/(-2))/(d/(-8)). What is the tens digit of (n/3)/((-12)/306)?
3
Let m = 45 - 25. Suppose 8 = w - m. Let l = w + -23. What is the units digit of l?
5
Suppose 0 = -4*d + 5*k - 120, k - 28 - 2 = d. Let f be (d/5)/(0 + -1). What is the units digit of (-4)/f - 531/(-27)?
9
Let g = -238 + 240. What is the units digit of g?
2
Suppose 13*n - 676 = -234. What is the units digit of n?
4
Let l be (-6)/15 - (-4806)/15. Suppose -3*p = -5*p + l. Suppose 16*w - 11*w - p = 0. What is the units digit of w?
2
Let l = -121 - -114. What is the tens digit of (-2 + 29/(-5))/(l/35)?
3
Let n(g) = -4*g**3 - g**2 - 7*g - 6. What is the units digit of n(-6)?
4
Let l(a) be the first derivative of 2 - 1/3*a**3 + 5*a - 4*a**2. What is the tens digit of l(-4)?
2
Let r be 3*((-1)/(-3))/(4/12). Suppose -198 = -3*b + i, r*b - 5*i - 204 = -6*i. What is the tens digit of b?
6
What is the units digit of (-9)/(-6) - 2406/(-4)?
3
Let l = -2921 + 5184. What is the tens digit of l?
6
Suppose -42*c + 5*b - 2307 = -43*c, -11535 = -5*c + 2*b. What is the thousands digit of c?
2
Let y = 84 + 13. What is the tens digit of y?
9
Let i(p) = -2 - 31*p + 1 + 6*p. What is the tens digit of i(-3)?
7
Let r(f) = -41*f - 3. Let o(q) = 2*q + 7. Let g be o(-4). What is the tens digit of r(g)?
3
Let c(o) = -18*o. Let a be c(-1). Let v(b) = b - 14. Let x be v(a). What is the tens digit of 39 - x/((-16)/(-12))?
3
Let l be (2 - 1)/(4/16). Let f be l*-1*117/(-36). Let a(r) = r**3 - 12*r**2 - 10*r - 19. What is the units digit of a(f)?
0
Let f(a) = 472*a - 715. What is the tens digit of f(5)?
4
Suppose 3 - 15 = -3*o. Let g(r) = -2*r**2 + 9*r - 4. Let k be g(o). Suppose k = -4*s - 0*s + 32. What is the units digit of s?
8
Suppose 0 = 2*m + 2*m - 84. Suppose -2*b = -m - 9. What is the units digit of b?
5
Suppose -3*w = -8*w + 15. Let c(h) = 17*h + 17*h + 8*h**2 + h**3 - w - 36*h + 1. What is the tens digit of c(-8)?
1
Suppose -367*r + 362*r + 1400 = 0. What is the hundreds digit of r?
2
Suppose -5*d = 3*t - 2358, 4*d = 6 - 18. What is the hundreds digit of t?
7
What is the hundreds digit of -3*(-70)/(-21) - -1585?
5
Suppose -6*a + 7*a = 2. Suppose -5*b = -5*x + 765, 331 = a*x - 2*b + 5*b. What is the units digit of x?
8
Let q(p) = p**3 - 11*p**2 + 9*p + 14. Let i be q(10). Suppose -144 = i*r - 580. What is the units digit of r?
9
Let h(w) be the third derivative of -w**4/3 - 7*w**3/2 - 14*w**2. What is the hundreds digit of h(-16)?
1
Let n(x) be the first derivative of -6*x**2 - 16*x - 5. Let a be n(12). What is the tens digit of 12/54 + a/(-9)?
1
Let q(z) = -z**2 - 5*z**2 + 2*z**2. Let r be q(-2). Let x = r - -42. What is the tens digit of x?
2
Let k(d) = d + 15. Let b be k(-11). Suppose -b*r + 16 = -f, -f = 5*r - 0*f - 20. What is the units digit of (-2)/r - 273/(-14)?
9
Suppose -3*v - 187 = -6*j + 5*j, 3*j - 549 = 3*v. What is the tens digit of j?
8
Suppose -2*w = 8, 7*w - 5*w = -5*c + 1412. What is the units digit of c?
4
Let j = 10 + 12. Suppose 2*u = -j + 44. What is the units digit of u?
1
Let t(k) be the third derivative of -k**5/60 + k**4/3 - k**3 - 4*k**2. Let a be t(6). Let m = a - 4. What is the units digit of m?
2
Let h(w) = 8*w**2 - 11*w + 47. What is the hundreds digit of h(10)?
7
Let t(y) = y**3 - 3*y**2 + 2*y + 1. Let v be t(2). Let g be (v + (-1 - 2))/(-2). What is the tens digit of g + 29 - (-3 + 4)?
2
What is the tens digit of 149541/28 + 42/(-56)?
4
Suppose 35*i + 5*u + 6586 = 38*i, -u = -2*i + 4379. What is the uni